{"id":658,"date":"2009-12-27T07:41:09","date_gmt":"2009-12-27T06:41:09","guid":{"rendered":"http:\/\/www.fjs1970.se\/?page_id=658"},"modified":"2020-04-25T20:24:31","modified_gmt":"2020-04-25T18:24:31","slug":"mer-information","status":"publish","type":"page","link":"https:\/\/www.fjs1970.se\/?page_id=658","title":{"rendered":"Kontakt"},"content":{"rendered":"<p><strong><span style=\"text-decoration: underline;\"><img loading=\"lazy\" decoding=\"async\" class=\"alignnone size-full wp-image-802\" title=\"m\u00e4rket \u00f6rnen\" src=\"http:\/\/www.fjs1970.se\/wp-content\/uploads\/2009\/12\/fjs_m601.jpg\" alt=\"\" width=\"65\" height=\"38\" \/><\/span><\/strong><\/p>\n<p>&nbsp;<\/p>\n<p><span style=\"color: #e1c698;\">.<\/span><\/p>\n<p><span style=\"color: #e1c698;\">.<\/span><\/p>\n<h5><span style=\"text-decoration: underline;\">Kontaktlistan f\u00f6r FJS \u00e5rg\u00e5ng 1970\/71<\/span><\/h5>\n<p><img loading=\"lazy\" decoding=\"async\" title=\"Teckning ur \u00d6rnen av 218 Johansson\" src=\"http:\/\/www.fjs1970.se\/wp-content\/uploads\/2009\/12\/Teckning-31.jpg\" alt=\"\" width=\"576\" height=\"297\" \/><\/p>\n<p><strong>V\u00e5r kontaktlista \u00e4r komplett och\u00a0best\u00e5r av\u00a0ca\u00a0100 namn. D\u00e5 listan\u00a0inneh\u00e5ller namn,\u00a0telefonnummer och e-postadresser\u00a0l\u00e4gger jag\u00a0inte ut den p\u00e5 sajten eftersom den d\u00e5 skulle kunna\u00a0missbrukas av utomst\u00e5ende. Med j\u00e4mna mellanrum skickar jag ut en aktuell\u00a0lista till Er alla via e-post. Om Du saknar kontaktlista s\u00e5 meddela mig. <\/strong><\/p>\n<p><strong>Ni som \u00e4ndrar mail-adress eller telefonnummer h\u00f6r av Er\u00a0s\u00e5 jag kan uppdatera kontaktlistan.<\/strong><\/p>\n<p><span style=\"color: #efd8b3;\">.<\/span><\/p>\n<p><strong>Svante Larsson (201)<\/strong><\/p>\n<p><strong>Mobil \u00a0+46 706 913891, <\/strong><\/p>\n<p><strong>e-post l.svante.larsson(at)gmail.com<\/strong><strong><br \/>\n<\/strong><\/p>\n<p><strong><span style=\"color: #d0be95;\">.<\/span><\/strong><\/p>\n<p><strong><span style=\"color: #d7c8a5;\">.<\/span> <\/strong><\/p>\n<h5><span style=\"text-decoration: underline;\">Fallsk\u00e4rmsj\u00e4garklubben<\/span><\/h5>\n<p><a title=\"Klubbens hemsida\" href=\"http:\/\/www.fallskarmsjagarna.se\" target=\"_blank\" rel=\"noopener noreferrer\"><strong>Fallsk\u00e4rmsj\u00e4garklubbens hemsida<\/strong><\/a><\/p>\n<p><strong><span style=\"color: #d9b295;\">.<\/span><\/strong><\/p>\n<p><span style=\"color: #d9b295;\">.<\/span><\/p>\n<p>&nbsp;<\/p>\n<h5><span style=\"text-decoration: underline;\">Hotell och \u00f6vrigt\u00a0 boende <\/span><\/h5>\n<p><strong><a title=\"Gula Villan\" href=\"http:\/\/www.karlsborgsvandrarhem.se\/\" target=\"_blank\" rel=\"noopener noreferrer\">Karlsborgs vandrarhem Gula Villan<\/a><\/strong><\/p>\n<p><a title=\"Kanalhotellet\" href=\"http:\/\/www.kanalhotellet.se\" target=\"_blank\" rel=\"noopener noreferrer\"><strong>Kanalhotellet<\/strong> <\/a><\/p>\n<p><strong><a title=\"Idas brygga\" href=\"http:\/\/www.idasbrygga.se\/\" target=\"_blank\" rel=\"noopener noreferrer\">Idas brygga<\/a><\/strong><\/p>\n<p>&nbsp;<\/p>\n<h5><span style=\"text-decoration: underline;\">Golf<\/span><\/h5>\n<p><strong><a title=\"Brevikens Golf\" href=\"http:\/\/www.breviken.se\/\" target=\"_blank\" rel=\"noopener noreferrer\">Brevikens Golf <\/a><\/strong><\/p>\n<p>&nbsp;<\/p>\n<h5><span style=\"text-decoration: underline;\">Turistinformation<\/span><\/h5>\n<p><a href=\"https:\/\/www.vastsverige.com\/karlsborg\/\"><strong>Karlsborgs Turism AB<\/strong><\/a><\/p>\n<p><strong><span style=\"color: #d7c8a5;\">.<\/span><\/strong><\/p>\n<div><\/div>\n<p>&nbsp;<\/p>\n<div id=\"attachment_2044\" style=\"width: 650px\" class=\"wp-caption alignnone\"><img loading=\"lazy\" decoding=\"async\" aria-describedby=\"caption-attachment-2044\" class=\"size-full wp-image-2044\" title=\"Karlsborgs f\u00e4stning\" src=\"http:\/\/www.fjs1970.se\/wp-content\/uploads\/2009\/12\/fastning1.jpg\" alt=\"\" width=\"640\" height=\"459\" srcset=\"https:\/\/www.fjs1970.se\/wp-content\/uploads\/2009\/12\/fastning1.jpg 640w, https:\/\/www.fjs1970.se\/wp-content\/uploads\/2009\/12\/fastning1-300x215.jpg 300w\" sizes=\"auto, (max-width: 640px) 100vw, 640px\" \/><p id=\"caption-attachment-2044\" class=\"wp-caption-text\">Karlsborgs f\u00e4stning<\/p><\/div>\n<p>&nbsp;<\/p>\n<h1 style=\"text-align: center;\">\u25ca<\/h1>\n","protected":false},"excerpt":{"rendered":"<p>&nbsp; . . Kontaktlistan f\u00f6r FJS \u00e5rg\u00e5ng 1970\/71 V\u00e5r kontaktlista \u00e4r komplett och\u00a0best\u00e5r av\u00a0ca\u00a0100 namn. D\u00e5 listan\u00a0inneh\u00e5ller namn,\u00a0telefonnummer och e-postadresser\u00a0l\u00e4gger jag\u00a0inte ut den p\u00e5 sajten eftersom den d\u00e5 skulle kunna\u00a0missbrukas av utomst\u00e5ende. Med j\u00e4mna mellanrum skickar jag ut en aktuell\u00a0lista till Er alla via e-post. Om Du saknar kontaktlista s\u00e5 meddela mig. Ni som \u00e4ndrar [&hellip;]<\/p>\n","protected":false},"author":1,"featured_media":0,"parent":0,"menu_order":8,"comment_status":"closed","ping_status":"closed","template":"","meta":{"footnotes":""},"class_list":["post-658","page","type-page","status-publish","hentry"],"_links":{"self":[{"href":"https:\/\/www.fjs1970.se\/index.php?rest_route=\/wp\/v2\/pages\/658","targetHints":{"allow":["GET"]}}],"collection":[{"href":"https:\/\/www.fjs1970.se\/index.php?rest_route=\/wp\/v2\/pages"}],"about":[{"href":"https:\/\/www.fjs1970.se\/index.php?rest_route=\/wp\/v2\/types\/page"}],"author":[{"embeddable":true,"href":"https:\/\/www.fjs1970.se\/index.php?rest_route=\/wp\/v2\/users\/1"}],"replies":[{"embeddable":true,"href":"https:\/\/www.fjs1970.se\/index.php?rest_route=%2Fwp%2Fv2%2Fcomments&post=658"}],"version-history":[{"count":131,"href":"https:\/\/www.fjs1970.se\/index.php?rest_route=\/wp\/v2\/pages\/658\/revisions"}],"predecessor-version":[{"id":13574,"href":"https:\/\/www.fjs1970.se\/index.php?rest_route=\/wp\/v2\/pages\/658\/revisions\/13574"}],"wp:attachment":[{"href":"https:\/\/www.fjs1970.se\/index.php?rest_route=%2Fwp%2Fv2%2Fmedia&parent=658"}],"curies":[{"name":"wp","href":"https:\/\/api.w.org\/{rel}","templated":true}]}}