{"id":3769,"date":"2010-04-06T11:07:57","date_gmt":"2010-04-06T09:07:57","guid":{"rendered":"http:\/\/www.fjs1970.se\/?page_id=3769"},"modified":"2011-02-22T18:46:34","modified_gmt":"2011-02-22T17:46:34","slug":"rep","status":"publish","type":"page","link":"https:\/\/www.fjs1970.se\/?page_id=3769","title":{"rendered":"KF\u00d6"},"content":{"rendered":"<p><strong><img loading=\"lazy\" decoding=\"async\" class=\"alignnone size-full wp-image-802\" title=\"m\u00e4rket \u00f6rnen\" src=\"http:\/\/www.fjs1970.se\/wp-content\/uploads\/2009\/12\/fjs_m601.jpg\" alt=\"\" width=\"87\" height=\"50\" \/><\/strong><\/p>\n<p><strong><span style=\"color: #e2c4ab;\">.<\/span><\/strong><\/p>\n<h5>H\u00e4r ligger bilder och minnen\u00a0fr\u00e5n olika krigsf\u00f6rbands\u00f6vningar. Du hittar dom i undermenyn till denna sida.<\/h5>\n<p><img loading=\"lazy\" decoding=\"async\" class=\"alignnone size-full wp-image-1414\" title=\"FJS-dag 2009, DC 3:an i l\u00e4gret\" src=\"http:\/\/www.fjs1970.se\/wp-content\/uploads\/2009\/12\/Ture-bild-2.jpg\" alt=\"FJS-dag 2009, DC 3:an i l\u00e4gret\" width=\"648\" height=\"337\" srcset=\"https:\/\/www.fjs1970.se\/wp-content\/uploads\/2009\/12\/Ture-bild-2.jpg 810w, https:\/\/www.fjs1970.se\/wp-content\/uploads\/2009\/12\/Ture-bild-2-300x155.jpg 300w\" sizes=\"auto, (max-width: 648px) 100vw, 648px\" \/><\/p>\n<h1 style=\"text-align: center;\">\u25ca<\/h1>\n","protected":false},"excerpt":{"rendered":"<p>. H\u00e4r ligger bilder och minnen\u00a0fr\u00e5n olika krigsf\u00f6rbands\u00f6vningar. Du hittar dom i undermenyn till denna sida. \u25ca<\/p>\n","protected":false},"author":1,"featured_media":0,"parent":0,"menu_order":6,"comment_status":"closed","ping_status":"closed","template":"","meta":{"footnotes":""},"class_list":["post-3769","page","type-page","status-publish","hentry"],"_links":{"self":[{"href":"https:\/\/www.fjs1970.se\/index.php?rest_route=\/wp\/v2\/pages\/3769","targetHints":{"allow":["GET"]}}],"collection":[{"href":"https:\/\/www.fjs1970.se\/index.php?rest_route=\/wp\/v2\/pages"}],"about":[{"href":"https:\/\/www.fjs1970.se\/index.php?rest_route=\/wp\/v2\/types\/page"}],"author":[{"embeddable":true,"href":"https:\/\/www.fjs1970.se\/index.php?rest_route=\/wp\/v2\/users\/1"}],"replies":[{"embeddable":true,"href":"https:\/\/www.fjs1970.se\/index.php?rest_route=%2Fwp%2Fv2%2Fcomments&post=3769"}],"version-history":[{"count":19,"href":"https:\/\/www.fjs1970.se\/index.php?rest_route=\/wp\/v2\/pages\/3769\/revisions"}],"predecessor-version":[{"id":3863,"href":"https:\/\/www.fjs1970.se\/index.php?rest_route=\/wp\/v2\/pages\/3769\/revisions\/3863"}],"wp:attachment":[{"href":"https:\/\/www.fjs1970.se\/index.php?rest_route=%2Fwp%2Fv2%2Fmedia&parent=3769"}],"curies":[{"name":"wp","href":"https:\/\/api.w.org\/{rel}","templated":true}]}}