{"id":13110,"date":"2017-11-17T16:08:49","date_gmt":"2017-11-17T15:08:49","guid":{"rendered":"http:\/\/www.fjs1970.se\/?page_id=13110"},"modified":"2017-11-17T16:08:49","modified_gmt":"2017-11-17T15:08:49","slug":"fjs-dag-2017","status":"publish","type":"page","link":"https:\/\/www.fjs1970.se\/?page_id=13110","title":{"rendered":"FJS-dag 2017"},"content":{"rendered":"<p><img loading=\"lazy\" decoding=\"async\" class=\"alignleft wp-image-802 size-thumbnail\" src=\"http:\/\/www.fjs1970.se\/wp-content\/uploads\/2009\/12\/fjs_m601-150x105.jpg\" alt=\"\" width=\"150\" height=\"105\" \/><\/p>\n<p>&nbsp;<\/p>\n<p>&nbsp;<\/p>\n<p>&nbsp;<\/p>\n<p><span style=\"color: #ffcc99;\">.<\/span><\/p>\n<p><span style=\"color: #ffcc99;\">.<\/span><\/p>\n<p><span style=\"color: #ffcc99;\">.<\/span><\/p>\n<div id=\"attachment_13060\" style=\"width: 770px\" class=\"wp-caption aligncenter\"><img loading=\"lazy\" decoding=\"async\" aria-describedby=\"caption-attachment-13060\" class=\"wp-image-13060\" src=\"http:\/\/www.fjs1970.se\/wp-content\/uploads\/2017\/08\/FJS-dag-2017-08-1024x768.jpg\" alt=\"\" width=\"760\" height=\"570\" srcset=\"https:\/\/www.fjs1970.se\/wp-content\/uploads\/2017\/08\/FJS-dag-2017-08-1024x768.jpg 1024w, https:\/\/www.fjs1970.se\/wp-content\/uploads\/2017\/08\/FJS-dag-2017-08-300x225.jpg 300w, https:\/\/www.fjs1970.se\/wp-content\/uploads\/2017\/08\/FJS-dag-2017-08-768x576.jpg 768w, https:\/\/www.fjs1970.se\/wp-content\/uploads\/2017\/08\/FJS-dag-2017-08.jpg 1280w\" sizes=\"auto, (max-width: 760px) 100vw, 760px\" \/><p id=\"caption-attachment-13060\" class=\"wp-caption-text\">N\u00e4rvarande i L\u00e4gret fr\u00e5n v\u00e5r \u00e5rskurs var 101 Bertil, 304 Lars, 201 Svante och 136 Torkel<\/p><\/div>\n<p><span style=\"color: #ffcc99;\">.<\/span><\/p>\n<p><span style=\"color: #ffcc99;\">.<\/span><\/p>\n<h1 style=\"text-align: center;\">\u25ca<\/h1>\n<p>&nbsp;<\/p>\n<p>&nbsp;<\/p>\n","protected":false},"excerpt":{"rendered":"<p>&nbsp; &nbsp; &nbsp; . . . . . \u25ca &nbsp; &nbsp;<\/p>\n","protected":false},"author":1,"featured_media":0,"parent":311,"menu_order":6,"comment_status":"closed","ping_status":"closed","template":"","meta":{"footnotes":""},"class_list":["post-13110","page","type-page","status-publish","hentry"],"_links":{"self":[{"href":"https:\/\/www.fjs1970.se\/index.php?rest_route=\/wp\/v2\/pages\/13110","targetHints":{"allow":["GET"]}}],"collection":[{"href":"https:\/\/www.fjs1970.se\/index.php?rest_route=\/wp\/v2\/pages"}],"about":[{"href":"https:\/\/www.fjs1970.se\/index.php?rest_route=\/wp\/v2\/types\/page"}],"author":[{"embeddable":true,"href":"https:\/\/www.fjs1970.se\/index.php?rest_route=\/wp\/v2\/users\/1"}],"replies":[{"embeddable":true,"href":"https:\/\/www.fjs1970.se\/index.php?rest_route=%2Fwp%2Fv2%2Fcomments&post=13110"}],"version-history":[{"count":5,"href":"https:\/\/www.fjs1970.se\/index.php?rest_route=\/wp\/v2\/pages\/13110\/revisions"}],"predecessor-version":[{"id":13115,"href":"https:\/\/www.fjs1970.se\/index.php?rest_route=\/wp\/v2\/pages\/13110\/revisions\/13115"}],"up":[{"embeddable":true,"href":"https:\/\/www.fjs1970.se\/index.php?rest_route=\/wp\/v2\/pages\/311"}],"wp:attachment":[{"href":"https:\/\/www.fjs1970.se\/index.php?rest_route=%2Fwp%2Fv2%2Fmedia&parent=13110"}],"curies":[{"name":"wp","href":"https:\/\/api.w.org\/{rel}","templated":true}]}}